What is the ten thousands digit of 31236?
3
What is the ten thousands digit of 41184?
4
What is the units digit of 5473?
3
What is the hundreds digit of 927?
9
What is the units digit of 768?
8
What is the hundreds digit of 778?
7
What is the tens digit of 786?
8
What is the units digit of 50236?
6
What is the units digit of 757?
7
What is the tens digit of 195?
9
What is the units digit of 1132?
2
What is the hundreds digit of 7156?
1
What is the thousands digit of 1525?
1
What is the thousands digit of 61337?
1
What is the units digit of 103?
3
What is the units digit of 9535?
5
What is the units digit of 80?
0
What is the tens digit of 7693?
9
What is the units digit of 614?
4
What is the hundreds digit of 158465?
4
What is the thousands digit of 2110?
2
What is the tens digit of 672?
7
What is the hundreds digit of 29126?
1
What is the units digit of 16388?
8
What is the hundreds digit of 3804?
8
What is the hundreds digit of 5543?
5
What is the thousands digit of 81804?
1
What is the hundreds digit of 186?
1
What is the thousands digit of 2010?
2
What is the tens digit of 113793?
9
What is the tens digit of 3409?
0
What is the ten thousands digit of 20204?
2
What is the hundreds digit of 2548?
5
What is the tens digit of 5235?
3
What is the thousands digit of 6031?
6
What is the hundreds digit of 41362?
3
What is the tens digit of 9424?
2
What is the tens digit of 1758?
5
What is the units digit of 1222?
2
What is the hundreds digit of 1196?
1
What is the hundreds digit of 26079?
0
What is the tens digit of 55?
5
What is the hundreds digit of 50346?
3
What is the hundreds digit of 256?
2
What is the thousands digit of 10314?
0
What is the tens digit of 3588?
8
What is the units digit of 4461?
1
What is the ten thousands digit of 24284?
2
What is the tens digit of 2056?
5
What is the hundreds digit of 728?
7
What is the tens digit of 194352?
5
What is the hundreds digit of 40799?
7
What is the tens digit of 59?
5
What is the tens digit of 4694?
9
What is the hundreds digit of 8716?
7
What is the tens digit of 522?
2
What is the hundreds digit of 19432?
4
What is the thousands digit of 1806?
1
What is the hundreds digit of 4137?
1
What is the tens digit of 901?
0
What is the hundreds digit of 22423?
4
What is the tens digit of 307?
0
What is the tens digit of 102178?
7
What is the hundred thousands digit of 139830?
1
What is the thousands digit of 30734?
0
What is the hundreds digit of 994?
9
What is the thousands digit of 3803?
3
What is the tens digit of 113972?
7
What is the hundreds digit of 9364?
3
What is the tens digit of 1702?
0
What is the tens digit of 6668?
6
What is the tens digit of 31832?
3
What is the units digit of 1425?
5
What is the units digit of 640?
0
What is the units digit of 49314?
4
What is the tens digit of 17422?
2
What is the ten thousands digit of 129701?
2
What is the hundreds digit of 10995?
9
What is the tens digit of 76306?
0
What is the ten thousands digit of 41061?
4
What is the hundreds digit of 13757?
7
What is the ten thousands digit of 26762?
2
What is the tens digit of 887?
8
What is the tens digit of 26533?
3
What is the tens digit of 44823?
2
What is the thousands digit of 2131?
2
What is the ten thousands digit of 59985?
5
What is the hundreds digit of 2794?
7
What is the units digit of 547?
7
What is the thousands digit of 75348?
5
What is the ten thousands digit of 13610?
1
What is the hundreds digit of 13371?
3
What is the units digit of 73433?
3
What is the tens digit of 19070?
7
What is the thousands digit of 2972?
2
What is the units digit of 10229?
9
What is the units digit of 3624?
4
What is the hundreds digit of 2198?
1
What is the thousands digit of 4921?
4
What is the hundreds digit of 9109?
1
What is the units digit of 3054?
4
What is the thousands digit of 10837?
0
What is the thousands digit of 4050?
4
What is the thousands digit of 2114?
2
What is the tens digit of 22104?
0
What is the thousands digit of 18340?
8
What is the hundreds digit of 1614?
6
What is the tens digit of 33303?
0
What is the thousands digit of 5951?
5
What is the ten thousands digit of 125873?
2
What is the tens digit of 530?
3
What is the thousands digit of 53788?
3
What is the tens digit of 29488?
8
What is the thousands digit of 1102?
1
What is the tens digit of 722?
2
What is the tens digit of 2138?
3
What is the hundreds digit of 664?
6
What is the hundreds digit of 78055?
0
What is the thousands digit of 4395?
4
What is the tens digit of 12203?
0
What is the tens digit of 26113?
1
What is the ten thousands digit of 147088?
4
What is the thousands digit of 19238?
9
What is the units digit of 178?
8
What is the units digit of 30909?
9
What is the thousands digit of 109787?
9
What is the ten thousands digit of 41451?
4
What is the hundreds digit of 284?
2
What is the hundreds digit of 3327?
3
What is the units digit of 421?
1
What is the ten thousands digit of 118590?
1
What is the units digit of 32944?
4
What is the thousands digit of 1792?
1
What is the tens digit of 2558?
5
What is the tens digit of 3119?
1
What is the hundreds digit of 14025?
0
What is the hundreds digit of 6650?
6
What is the ten thousands digit of 82587?
8
What is the tens digit of 9246?
4
What is the tens digit of 13362?
6
What is the ten thousands digit of 18186?
1
What is the units digit of 886?
6
What is the hundreds digit of 1379?
3
What is the units digit of 4638?
8
What is the tens digit of 577?
7
What is the thousands digit of 13519?
3
What is the units digit of 877?
7
What is the hundreds digit of 541?
5
What is the hundreds digit of 1161?
1
What is the units digit of 35555?
5
What is the tens digit of 94741?
4
What is the tens digit of 206?
0
What is the units digit of 1666?
6
What is the hundreds digit of 4905?
9
What is the thousands digit of 1704?
1
What is the units digit of 34615?
5
What is the hundreds digit of 1027?
0
What is the units digit of 3646?
6
What is the thousands digit of 26324?
6
What is the ten thousands digit of 15364?
1
What is the ten thousands digit of 144709?
4
What is the ten thousands digit of 11365?
1
What is the units digit of 1528?
8
What is the hundreds digit of 6482?
4
What is the hundreds digit of 458?
4
What is the tens digit of 10168?
6
What is the hundreds digit of 1240?
2
What is the units digit of 482?
2
What is the tens digit of 9736?
3
What is the thousands digit of 19210?
9
What is the hundreds digit of 10808?
8
What is the tens digit of 2511?
1
What is the ten thousands digit of 70162?
7
What is the units digit of 772?
2
What is the units digit of 1398?
8
What is the tens digit of 1524?
2
What is the thousands digit of 28873?
8
What is the hundreds digit of 1107?
1
What is the units digit of 86?
6
What is the thousands digit of 3952?
3
What is the units digit of 2595?
5
What is the units digit of 17669?
9
What is the tens digit of 995?
9
What is the tens digit of 31150?
5
What is the tens digit of 2201?
0
What is the thousands digit of 2209?
2
What is the hundreds digit of 268?
2
What is the units digit of 1815?
5
What is the hundreds digit of 6054?
0
What is the tens digit of 301?
0
What is the tens digit of 10843?
4
What is the tens digit of 474?
7
What is the hundreds digit of 1014?
0
What is the units digit of 3883?
3
What is the ten thousands digit of 25201?
2
What is the thousands digit of 2395?
2
What is the tens digit of 69865?
6
What is the hundreds digit of 25092?
0
What is the units digit of 2932?
2
What is the hundred thousands digit of 105222?
1
What is the hundreds digit of 215?
2
What is the units digit of 570?
0
What is the tens digit of 471?
7
What is the tens digit of 9157?
5
What is the units digit of 68596?
6
What is the tens digit of 12762?
6
What is the tens digit of 3309?
0
What is the thousands digit of 8148?
8
What is the units digit of 1135?
5
What is the units digit of 8?
8
What is the units digit of 89838?
8
What is the thousands digit of 90457?
0
What is the hundreds digit of 16102?
1
What is the hundreds digit of 639?
6
What is the hundreds digit of 1977?
9
What is the thousands digit of 194053?
4
What is the thousands digit of 8494?
8
What is the tens digit of 1737?
3
What is the hundreds digit of 8422?
4
What is the hundreds digit of 801?
8
What is 